716 (base 10) to base 12.
-4b8
Convert -778 (base 9) to base 12.
-452
What is 3633 (base 8) in base 14?
9d1
What is -1a1 (base 15) in base 6?
-1424
Convert -1440 (base 8) to base 6.
-3412
What is -344 (base 11) in base 16?
-19b
Convert 10a8 (base 11) to base 7.
4140
Convert 111011111000 (base 2) to base 4.
323320
What is 11010100001 (base 2) in base 6?
11505
What is 89 (base 13) in base 3?
11012
Convert -1122000020 (base 3) to base 11.
-22116
Convert 1c1 (base 15) to base 10.
406
112212012 (base 3) to base 14
3d3a
Convert 14201 (base 5) to base 4.
102120
What is -10113 (base 13) in base 14?
-a694
-3fd (base 16) to base 11
-849
Convert 1512 (base 12) to base 11.
1939
What is 1111 (base 7) in base 15?
1ba
Convert -b91c (base 13) to base 11.
-18356
What is 10234 (base 6) in base 5?
21030
-121cc (base 14) to base 4
-22303320
Convert 2cb2 (base 14) to base 13.
3841
What is -55041 (base 6) in base 12?
-4481
What is 1113 (base 9) in base 5?
11242
What is -12332 (base 4) in base 3?
-121112
What is -1132133 (base 4) in base 5?
-143142
Convert 14524 (base 7) to base 9.
5474
11440 (base 6) to base 13
9c3
-51234 (base 9) to base 4
-20032333
What is -7b3 (base 12) in base 11?
-94a
What is 32133 (base 4) in base 15?
41c
13 (base 11) to base 8
16
4213 (base 5) to base 11
468
-4307 (base 8) to base 2
-100011000111
-319 (base 15) to base 10
-699
Convert d9e (base 16) to base 7.
13110
-55b7 (base 12) to base 15
-2c34
-10d (base 16) to base 4
-10031
What is -2642 (base 15) in base 7?
-32540
32 (base 8) to base 3
222
What is -aac (base 13) in base 8?
-3450
What is 2303 (base 5) in base 11?
279
-15b (base 16) to base 15
-182
-87 (base 16) to base 15
-90
What is -2598 (base 11) in base 12?
-1b52
809 (base 13) to base 9
1772
What is -3013 (base 6) in base 4?
-22101
Convert -31a (base 12) to base 16.
-1c6
Convert -b572 (base 12) to base 10.
-19814
Convert -10412 (base 7) to base 6.
-20022
What is -134405 (base 6) in base 13?
-5a02
What is -5de (base 15) in base 13?
-7b8
What is 15b (base 16) in base 5?
2342
Convert 101406 (base 7) to base 2.
100001111001000
-62a2 (base 13) to base 5
-414102
-531 (base 8) to base 13
-207
Convert 365 (base 12) to base 2.
111111101
Convert -745 (base 8) to base 14.
-269
What is 23465 (base 9) in base 10?
15692
Convert 21132330 (base 4) to base 9.
58250
2863 (base 12) to base 13
2193
What is -787e (base 15) in base 9?
-38032
What is -222221 (base 4) in base 3?
-10202002
Convert -1211100 (base 3) to base 14.
-6b2
Convert 13020021 (base 4) to base 16.
7209
What is -15354 (base 6) in base 12?
-155a
-18584 (base 9) to base 3
-122122211
What is 1210212202 (base 3) in base 5?
2120013
Convert -10779 (base 10) to base 13.
-4ba2
9331 (base 10) to base 2
10010001110011
Convert 24253 (base 8) to base 5.
313121
Convert 245 (base 15) to base 4.
20003
-119 (base 10) to base 5
-434
462 (base 7) to base 8
360
What is -4034 (base 9) in base 3?
-11001011
What is 22d (base 14) in base 10?
433
Convert 345406 (base 7) to base 10.
61942
Convert -10100010101011 (base 2) to base 8.
-24253
What is -101001110001011 (base 2) in base 3?
-1002100010
What is -431 (base 11) in base 12?
-372
Convert -21201 (base 4) to base 6.
-2453
What is -330220 (base 5) in base 15?
-3540
What is -42347 (base 10) in base 3?
-2011002102
What is 1234200 (base 5) in base 6?
304300
What is -579 (base 11) in base 8?
-1263
Convert -39d4 (base 14) to base 13.
-4833
Convert -254 (base 11) to base 3.
-102011
Convert -a08 (base 15) to base 7.
-6404
What is -133201 (base 4) in base 11?
-1574
Convert -33143 (base 7) to base 15.
-26e2
What is -110100101 (base 2) in base 6?
-1541
What is -1588 (base 10) in base 9?
-2154
What is 1812 (base 15) in base 11?
39a0
-b67 (base 13) to base 2
-11110011000
What is 1969 (base 13) in base 12?
2251
Convert 1114300 (base 5) to base 14.
73b0
What is 1241 (base 8) in base 11?
562
Convert 434011 (base 5) to base 7.
61246
What is -38b (base 12) in base 9?
-658
What is -11116 (base 7) in base 6?
-20554
Convert 1213311 (base 4) to base 3.
100010010
-111001101 (base 2) to base 9
-562
What is 4a64 (base 13) in base 11?
7a30
What is -455 (base 10) in base 12?
-31b
Convert -14331 (base 5) to base 16.
-4c0
What is -21c8 (base 16) in base 14?
-321a
What is 1050 (base 9) in base 2?
1100000110
-12120 (base 3) to base 14
-aa
What is -270 (base 14) in base 13?
-2b9
12512 (base 10) to base 3
122011102
What is -37864 (base 10) in base 14?
-db28
Convert 2041413 (base 5) to base 3.
1201121122
What is e5 (base 16) in base 7?
445
-21769 (base 10) to base 6
-244441
-5bed (base 15) to base 12
-b3b1
Convert 6378 (base 12) to base 3.
112221102
Convert 27bb (base 12) to base 5.
121412
What is 728 (base 10) in base 14?
3a0
24232 (base 9) to base 6
203045
Convert 20002 (base 3) to base 10.
164
What is 43160 (base 9) in base 8?
67626
-3056 (base 9) to base 15
-9e3
What is -9602 (base 11) in base 10?
-12707
Convert 5d6 (base 14) to base 11.
972
Convert -1550 (base 8) to base 2.
-1101101000
What is -53a2 (base 12) in base 2?
-10001111101010
416 (base 11) to base 15
236
What is -1122 (base 6) in base 14?
-150
-20751 (base 10) to base 8
-50417
Convert -31262 (base 8) to base 15.
-3ca3
Convert 7cc4 (base 15) to base 5.
1322014
What is 989a (base 14) in base 9?
40183
-6911 (base 15) to base 12
-10a97
What is 5732 (base 8) in base 14?
116a
Convert 2636 (base 9) to base 14.
a13
Convert -15212 (base 8) to base 16.
-1a8a
-1001011000111 (base 2) to base 9
-6531
2314 (base 11) to base 4
233200
ce6 (base 15) to base 4
231210
What is d8e (base 16) in base 14?
139c
Convert 3493 (base 14) to base 15.
2a9a
What is 634 (base 10) in base 5?
10014
-116401 (base 8) to base 11
-2821a
11848 (base 10) to base 5
334343
Convert 11203 (base 4) to base 11.
2a3
-9521 (base 14) to base 3
-1022021001
aea (base 16) to base 9
3744
What is 1422 (base 7) in base 12?
3a3
What is -321a (base 15) in base 16?
-2968
-5c (base 14) to base 5
-312
Convert -10045 (base 6) to base 5.
-20300
What is -10000 (base 3) in base 11?
-74
Convert 10b (base 12) to base 10.
155
169e (base 15) to base 6
34322
What is -2131012 (base 4) in base 3?
-111210101
What is 31135 (base 6) in base 14?
1735
Convert 797 (base 11) to base 4.
32321
What is 6513 (base 9) in base 4?
1022313
Convert -12a51 (base 11) to base 15.
-577e
What is 642 (base 11) in base 13?
475
What is -22063 (base 12) in base 14?
-12587
Convert 111021 (base 4) to base 8.
2511
1120302 (base 4) to base 15
1a3c
Convert -20404 (base 8) to base 15.
-2787
214244 (base 6) to base 10
17812
1101 (base 5) to base 8
227
5997 (base 11) to base 8
17252
What is 438 (base 11) in base 10?
525
5c7 (base 16) to base 13
89a
What is 241021 (base 7) in base 5?
2343301
What is 1110102 (base 4) in base 5?
133034
What is 1e6 (base 16) in base 13?
2b5
Convert 44624 (base 8) to base 6.
223112
What is -3cea (base 16) in base 13?
-7137
1110100011 (base 3) to base 7
146416
Convert 23b0 (base 15) to base 14.
2aa2
What is -f5 (base 16) in base 10?
-245
913 (base 16) to base 7
6526
Convert 801 (base 11) to base 9.
1286
What is 243500 (base 7) in base 15?
d2b2
Convert 2010202 (base 3) to base 4.
120113
Convert -6e (base 15) to base 10.
-104
147 (base 13) to base 4
3210
430 (base 10) to base 14
22a
What is -171 (base 10) in base 2?
-10101011
Convert 12292 (base 11) to base 9.
26176
Convert -11001000110111 (base 2) to base 14.
-4983
-110210 (base 3) to base 4
-11121
What is 1266 (base 11) in base 2?
11001101101
What is -45061 (base 8) in base 2?
-100101000110001
What is -2778 (base 12) in base 15?
-153b
1273 (base 8) to base 7
2016
48b (base 14) to base 2
1110001011
What is -400 (base 5) in base 16?
-64
Convert -30021 (base 4) to base 8.
-1411
95c4 (base 13) to base 5
1131103
-1002101 (base 3) to base 13
-490
What is 2a96 (base 12) in base 6?
35110
Convert 1111101 (base 2) to base 3.
11122
Convert 6a0 (base 15) to base 3.
2001120
311124 (base 5) to base 3
111221110
What is 31641 (base 7) in base 8?
17275
Convert -145 (base 13) to base 10.
-226
-16522 (base 9) to base 11
-8598
What is 230164 (base 7) in base 3?
2002010021
What is -331 (base 4) in base 6?
-141
What is 40 (base 11) in base 9?
48
Convert -482 (base 11) to base 4.
-20332
-3335 (base 7) to base 9
-1575
What is 134033 (base 6) in base 13?
5934
Convert -468